10. Let b be y(6). What is the units digit of (b + 4)/(((-9)/2)/(-3))?
2
What is the units digit of -20 + 25 + (-20774)/(-2)?
2
Let g(n) = n**3 - 14 - 6*n**2 + n - 6 - 4 - 3. Let i be g(8). Suppose 51 = 4*a - i. What is the tens digit of a?
4
What is the units digit of 15548 + 2*7/(-2)*-1?
5
Suppose -f + 4 = 1. Suppose -z + 4*z - 3*x - 3 = 0, z = f*x - 5. Suppose -2*p + 66 = z*k, p - 2*p + 45 = 5*k. What is the tens digit of p?
2
Let m = -477 - -1667. Let s = m - 816. What is the units digit of s?
4
What is the hundreds digit of 4 + -4 - (-23 + -14741)?
7
Let i be (-54)/(-54)*(-4)/(-2). What is the hundreds digit of 722906/888 + i/(-24)?
8
Let c(s) be the third derivative of s**4/24 - s**3/2 + 2*s**2 - 11. Let t be c(-3). What is the tens digit of 76/t*(-27)/18?
1
Suppose -a = 0, 2*s - 10 = -4*a - 0*a. What is the hundreds digit of (5/5)/(s/1140)?
2
Let p(b) = -1245*b + 380. What is the ten thousands digit of p(-8)?
1
Let p(v) = 2*v**2 - 5*v - 108. What is the tens digit of p(-11)?
8
Let b = 56 - 52. Let a(k) = -3*k**3 - 16*k**2 + 2*k - 14. Let j(s) = 4*s**3 + 17*s**2 - s + 15. Let n(q) = b*j(q) + 5*a(q). What is the tens digit of n(12)?
6
Suppose -2*v + m + 611 = 0, 3*m + 6 = -9. What is the units digit of (-2 + (-5)/(-2))*(-3 + v)?
0
Suppose 4*m - s + 6*s + 5 = 0, 4*m - 40 = 4*s. Suppose 0 = -m*t - 4*q + 5535, 5*t - 4*q - 4876 = 659. What is the units digit of t?
7
Let b be (-3 - (-5 + 4)) + 346. Suppose 3*x + 0*g - b = g, -5*x = 4*g - 596. What is the hundreds digit of x?
1
Let k = 7661 + -3251. What is the thousands digit of k?
4
Suppose -64098 + 125054 = 28*c. What is the tens digit of c?
7
Suppose -11*v + 50449 = -45614. What is the thousands digit of v?
8
Suppose 0 = 5*m + 4 - 24. Suppose -m*i - 39 + 7 = 2*q, -20 = 5*i. Let x(f) = 2*f**2 + 7*f - 21. What is the tens digit of x(q)?
5
Suppose 0 = v - 4, -10*v + 12 = 5*x - 7*v. Suppose s - 4 = x, 0 = -3*n - 2*n + s + 1296. What is the hundreds digit of n?
2
Let u(g) = -g + 7. Suppose 0 = 3*o - k - 18, o + k + 2*k - 16 = 0. Let f be u(o). What is the tens digit of (-2)/(-13) - ((-531)/13 - f)?
4
What is the tens digit of 59129/35 - (-46)/(-115)?
8
Suppose 50 = 5*t + 2*v, 4 + 6 = 2*v. What is the tens digit of 6180/18 + t/(-6)?
4
Suppose -3*c - 2*m + 26 = 0, -5 + 9 = 4*c - 5*m. Let i be ((-34)/51)/(4/c - 1). What is the units digit of -2 - (2 + i + 59/(-1))?
3
Suppose -1027*u + 1032*u = -4*m + 83845, 3*m - 15 = 0. What is the hundreds digit of u?
7
Let q = 749 - 342. Suppose 820 = 2*o + 2*d, -4*o = -5*o - 4*d + q. What is the tens digit of o?
1
Suppose 96*w = 427676 + 40612. What is the thousands digit of w?
4
Suppose -71917 = -l - 4*x + 16749, -2*x + 354734 = 4*l. What is the tens digit of l?
8
Let v = 32 + 34. Suppose 0 = 59*l - v*l + 3080. What is the hundreds digit of l?
4
Let n be (-12)/20 - 351/15. Let h = -17 - n. Suppose -28 = -u - 2*c, -4*c = 9 + h. What is the tens digit of u?
3
Let h(j) = -8*j + 5 - 6 - 1 - 7. Let s be h(-7). Suppose 10*a = s + 53. What is the tens digit of a?
1
Let r be (170/68)/(((-2)/4)/1). What is the thousands digit of -1 + r - 88/8*-105?
1
Let j(l) = l**3 - 9*l**2 - 7*l + 10. Let c = -213 + 223. What is the tens digit of j(c)?
4
Let a be (-963)/6*-2 + -1. Suppose -5*j - 5*r + 605 = 0, 7*j - 5*r = 8*j - 121. Let o = a - j. What is the tens digit of o?
9
Suppose -3*z - 156 = -4*l, -226 + 52 = 3*z + 2*l. Suppose 0 = 2*d + 44 + 146. Let r = z - d. What is the units digit of r?
9
Suppose 0*f = 2*f - 4*j - 2128, 5284 = 5*f - j. Suppose -f = -28*z + 24*z. What is the tens digit of z?
6
Let p = 885 - -10264. What is the thousands digit of p?
1
Let z(w) = 6*w**2 + 27*w - 59. Let x be z(13). Let j = -810 + x. What is the tens digit of j?
9
Suppose 5*x + 2075 = 5*f, f + 3*x + 830 = 3*f. Suppose 0 = -3*w + m + f, 3*m + 550 = 4*w + m. What is the hundreds digit of (0 + -41)/(-5*7/w)?
1
Suppose 172950 = 2*l + 2*r, -5*r + 51240 + 294651 = 4*l. What is the hundreds digit of l?
4
Suppose p + 5*r = 2418, 11*p = 8*p - 4*r + 7298. What is the tens digit of p?
3
What is the ten thousands digit of 16/(-4) + (-8 - -18 - -46352)?
4
Suppose 9158 = 42*v - 4*v. Suppose -v*n + 230*n = -506. What is the units digit of n?
6
Let k(c) = -53*c + 1075. Let l = -442 - -442. What is the tens digit of k(l)?
7
Suppose 36*h - 2783960 = -2171257 + 2826017. What is the hundreds digit of h?
5
What is the thousands digit of (-9)/(-5) + (-8942108)/(-490)?
8
Let w be (-12)/(-4 - -8) + 5. Let v(o) = 91*o**3 + 3*o**2 - 4. Let l be v(w). Suppose 12*z - l = -4*a + 8*z, 3*z + 363 = 2*a. What is the units digit of a?
3
Let k(r) = r**2 + 22*r + 58. Let t be k(-19). Let u = 2 + 16. What is the tens digit of 215/3 + t*24/u?
7
What is the tens digit of (-4 - 36/(-3)) + 5251?
5
Let t(m) = 10*m - 3. Let k be (51/5)/((-28)/(-140)). Let a = k + -45. What is the tens digit of t(a)?
5
Let x(n) = 12*n + 463*n**2 + 469*n**2 - 926*n**2 - 76. What is the units digit of x(-13)?
2
Suppose 6*p + 219 - 15 = 0. Let k = p - -109. What is the units digit of k?
5
Let f be 10 - (1 - (-4 - -1)). Suppose 0 = -f*x - 443 - 349. What is the hundreds digit of (5/(15/(-6)))/(1/x)?
2
Suppose 8*o + 20*o - 297258 = -11*o. What is the hundreds digit of o?
6
Suppose 0 = -14*w - 3*w + 2635. Let s = 330 - w. What is the units digit of s?
5
Let s(v) = 8*v**2 + 2*v - 3. Suppose -z + 22 = 11. Suppose -6*t = -z*t + 5. What is the units digit of s(t)?
7
Let q(i) = -13*i**3 + 160*i**2 + 285*i - 51. Let l(h) = 3*h**3 - 40*h**2 - 71*h + 13. Let u(j) = 9*l(j) + 2*q(j). What is the hundreds digit of u(42)?
6
Let f = -1338 - -1898. Suppose -8 = 6*k - f. Let w = k + -55. What is the tens digit of w?
3
Let v be (-238)/(-3) + (-2)/6. Let h = -2033 - -1985. Let m = v + h. What is the tens digit of m?
3
What is the hundreds digit of 1773*((-8)/6 - 112/(-12))?
1
Suppose -m - 2*b = 12 - 34, 5*m = 2*b + 62. Let f = 65 - m. What is the units digit of f?
1
Suppose 8*t - 260 = -18*t. What is the units digit of (-28)/t - -3 - (-2128)/10?
3
Let u(z) = -4*z - 5. Let y be u(-2). Let r be y + -5 + 0 + (-2)/(-1). Suppose r = 12*j - 10*j - 164. What is the units digit of j?
2
Let f be 2 + 2 - 1/1. Suppose 0 = -5*y + 8*y - 24. What is the units digit of (y/36*f)/(8/1116)?
3
Suppose 0 = -5*g + d + 35943, 2*g - 3*d - d = 14388. What is the hundreds digit of g?
1
Let j be (-21)/(-2) + 4/(-8). Suppose 3*k + 882 = 4*s - 1459, 2*k - j = 0. What is the hundreds digit of s?
5
Let w = 22363 + -14001. What is the thousands digit of w?
8
What is the hundreds digit of (12760/87 - 2/(-1))*249?
0
Suppose 4*o - 2 + 7 = -p, o + p = -5. Let n(r) = -r**3 + 3*r**2 - 8*r + 982. What is the units digit of n(o)?
2
Let g(w) = -w**2 + 4*w - 7. Let a be g(4). Let p(n) = -34*n + 29. What is the hundreds digit of p(a)?
2
Suppose -g = 63 - 448. Suppose 0 = g*p - 388*p + 1437. What is the tens digit of p?
7
Let s(l) = -524*l + 732. What is the hundreds digit of s(-11)?
4
Let c(r) = -17*r**3 + 2*r**2 + 11*r + 17. Let a be c(-3). Let t = a - 66. What is the tens digit of t?
9
Let u(d) = -253*d**3 - 28*d**2 + 10*d - 5. What is the tens digit of u(-6)?
7
Suppose 3*a + 2*x - 5763 = 0, 273*a + 7712 = 277*a - 2*x. What is the thousands digit of a?
1
Let m(n) = 1 - 3*n**2 + 4 + 4*n**2 - 11*n + 27*n. What is the units digit of m(7)?
6
Let g = 20608 + -9181. What is the hundreds digit of g?
4
Let v be (-714)/84*(-2)/(-1)*-22. What is the tens digit of (-129)/1*v/(-66)?
3
Suppose -3259*b = -3267*b + 268816. What is the ten thousands digit of b?
3
Suppose -71*i + 10*i + 1076650 = 0. What is the hundreds digit of i?
6
Suppose -4*l = 0, l - 6*l = -m - 95. Let b = 171 + m. Let v = -26 + b. What is the units digit of v?
0
Let f be -450*(-5)/(-2)*(-288)/600. Let w = -394 + f. What is the tens digit of w?
4
Let k = 4237 - 2895. What is the units digit of k?
2
Suppose -5*d + v - 3*v + 33 = 0, -11 = -3*d + v. Suppose 4739 = d*w + 3*p, -3*w + 5*p + 2500 = -357. What is the hundreds digit of w?
9
Let t = 127 + -122. Suppose -3*r - 9 = -3*s, -2 = -2*r + s - 3. Suppose -c = -r*z - 41, t*c + 0*z - z = 178. What is the tens digit of c?
3
Let p be (-873 - 2)/5*4/(-10). Let h = 78 - p. Suppose 112 = h*w - 0*w. What is the units digit of w?
4
Let x = 1743 + 3440. What is the hundreds digit of x?
1
Let n(y) = y**3 - 25*y**2 - 